Suppose 0 = -27*h - 34*h + 55*h + 7530. What are the prime factors of h?
5, 251
Let j = -5143 + 46514. What are the prime factors of j?
11, 3761
Suppose -1304*f + 3*k + 26169 = -1301*f, 0 = -f - 3*k + 8727. What are the prime factors of f?
2, 3, 727
Suppose 179*b - 136*b = 154456. List the prime factors of b.
2, 449
Suppose -4*a - 2*z + 7449 = -37809, -5*z = 5*a - 56575. Suppose -16*c + 478 = -a. What are the prime factors of c?
11, 67
Suppose 3*y + u = 16, 12*u = y + 17*u + 18. Suppose 5*b = 3*g + 2646, -5*g = 3*b - 5*b + 1047. Suppose y*v - b = 246. List the prime factors of v.
3, 37
Suppose 60 = -12*y, -3*s = -3*y - 15113 + 1463. What are the prime factors of s?
3, 5, 101
Suppose 8396 = 2*s - 3*f, -16*s - 4*f + 16852 = -12*s. What are the prime factors of s?
7, 601
Let p be ((-2)/5)/((-33)/165). What are the prime factors of 938/p + 9 + -6 + -4?
2, 3, 13
Let n(q) = 6*q**2. Let h be n(1). Let p(u) = 2*u**2 - 15*u + 7. Let t(x) = -x**2 + 14*x - 6. Let l(y) = h*p(y) + 7*t(y). List the prime factors of l(-8).
2
List the prime factors of -5*(26532/(-30) - -10).
2, 1093
Let f(d) = 2*d**3 + 3*d**2 + 8*d - 11. Let s(v) = 2*v**3 + 3*v**2 + 7*v - 11. Let u(o) = -5*f(o) + 4*s(o). List the prime factors of u(-6).
11, 37
Suppose 0 = -3*u + u + 1804. List the prime factors of ((-28)/(-16))/7 + u/8.
113
Suppose 2*g - 29459 = -l, 9*g - 13*g = 3*l - 58923. List the prime factors of g.
3, 4909
Let w(j) = -j**2 - 2*j + 29. Let v be w(-6). Suppose -v*u - 73 + 908 = 0. List the prime factors of u.
167
What are the prime factors of 10*3/(-30)*-26037?
3, 11, 263
Let b(s) be the second derivative of 10*s**3/3 - 21*s**2/2 + 11*s. Let g be b(7). Let p = g - 27. What are the prime factors of p?
2, 23
What are the prime factors of (10084/7)/((-60)/(-630))?
2, 3, 2521
Let w(a) = -4*a**2 - 2*a - 3. Let j be w(3). Let o be (2/9)/1 - (-7300)/j. Let f = o - -249. List the prime factors of f.
3, 29
Suppose -24*f - 25 = 599. List the prime factors of (-3 - 15518/f) + (-8)/(-52).
2, 3, 11
Let y(x) = 1 + 5 + 4*x - 3 + 0*x. Suppose 18 = -6*j + 60. List the prime factors of y(j).
31
Let l(u) = -534*u - 188. What are the prime factors of l(-8)?
2, 1021
Let u(o) = 2425*o**2 - 88*o + 353. What are the prime factors of u(4)?
7, 23, 241
Let x(i) = 34*i**2 - 119*i - 1067. List the prime factors of x(-10).
13, 271
Let f(g) = 5*g - 12. Let j = 33 + -31. Let z be f(j). List the prime factors of 168 + 2 + (0 - z).
2, 43
Let h = 180 + -148. Suppose 30*a - 4 = h*a, 3*b = 5*a + 556. List the prime factors of b.
2, 7, 13
Suppose 0 = 3*m - 15*m + 33863 - 7103. What are the prime factors of m?
2, 5, 223
Suppose -14 = -16*t + 9*t. Suppose -420 = -8*y + t*y. List the prime factors of y.
2, 5, 7
What are the prime factors of 4/((-8)/(-3)) - 1519672/(-112)?
2, 5, 23, 59
Suppose -2*g + 2 = 0, -5*f + 3*g - 248 = -10*f. Suppose -f*r = -40*r - 1116. What are the prime factors of r?
2, 31
Let b be 24*((-26)/42 + (-4)/(-14)). What are the prime factors of 685 - (-7 - 8/b)?
691
Let a(p) = 14*p**2 + 5*p + 13. Let r be a(-4). Suppose 9 = 4*y - y. Suppose 0 = 2*o - y*t - r, 0*o + 3*o + t - 298 = 0. What are the prime factors of o?
101
Suppose -29*p - 22453 = -150662. What are the prime factors of p?
4421
Let b be 1*3*(-89590)/(-102). Suppose 12*i = 7*i + b. What are the prime factors of i?
17, 31
Let s(k) be the second derivative of -2*k**3 - 2*k**2 - 33*k. Let g be s(-1). Suppose g*l - 137 = 271. What are the prime factors of l?
3, 17
Let k be 1/(-1) - (-333 - (4 - 2)). Let u = 1024 - k. Suppose 3*n = -4*x + 313 + 242, -3*n + u = 5*x. List the prime factors of x.
3, 5
Suppose 3*g - 3 = -4*n - 1, -2*n = -4. List the prime factors of -4 + (g/(-5) - (-1923)/5).
3, 127
Suppose 0 = -5*h + 2*p, 0*p = -4*h - 3*p + 23. Suppose h*s + 5*d = 132, -2*d + 126 = 4*s - 2*s. Let z = s - 21. List the prime factors of z.
2, 5
Let o(y) = y**2 - 14*y - 22. Let a be o(-2). List the prime factors of (3 - (-3 + a/2))*1444.
2, 19
Let n be 0 + -2 - (-7 + (-2)/(-1)). Suppose -5*z + 2 = -18. Suppose 2*q + z*s - 33 = -13, 0 = -3*q + n*s + 30. List the prime factors of q.
2, 5
Let m be 6*(-22)/(-3)*(-13)/(-26). Let h(f) = 5*f**2 + 4*f. Let b be h(-3). List the prime factors of (m/b)/(1/57) + -4.
2, 17
Suppose 127*d = 125*d - 6. Let l be -848*d/3 - 2. Suppose -26*y + l = -20*y. List the prime factors of y.
3, 47
Suppose -j = -3*j - 10, 11 = 3*t - j. Let w be t*(-3 - 55/(-10)). Suppose -25 = -w*y, -4*m + 129 + 116 = y. What are the prime factors of m?
2, 3, 5
Let w(r) = -r**3 + 16*r**2 + 14*r + 27. Let m be w(17). List the prime factors of -12*(-2)/(m/(-291)).
3, 97
Let w = 207 + 1077. Suppose 0 = 66*j - 3666 - w. What are the prime factors of j?
3, 5
Suppose 0 = 3*x - t - 86862, 5*x + 80*t - 144770 = 82*t. List the prime factors of x.
2, 31, 467
Suppose 3*n + 17241 - 49293 = -3*f, -n - 7 = 0. What are the prime factors of f?
10691
Suppose 24*a + 4 = 25*a. Suppose q - 639 = -u, 3*q - 2554 = -a*u + q. List the prime factors of u.
2, 11, 29
Suppose -5*t + 60 = -0*t + 5*m, 30 = 2*t - 4*m. Suppose 14*h = -t*h + 12339. What are the prime factors of h?
457
Let o(p) = -27*p**3 - 2*p**2 - 2*p - 29. List the prime factors of o(-5).
2, 3, 19, 29
Suppose 225 = 9*n - 45. Suppose 9*q - n*q + 9009 = 0. List the prime factors of q.
3, 11, 13
Suppose 2*w - 34685 = 5*g, -18*w - 34683 = -20*w + 3*g. List the prime factors of w.
2, 3, 5, 17
Let a be (-4)/14 - (-1148)/(-98). Let q(n) = -n**3 - 8*n**2 + 4*n - 22. What are the prime factors of q(a)?
2, 11, 23
Let d = 1995 - 1988. What are the prime factors of d?
7
Let n(q) = -8*q + 49. Let j be n(5). Suppose 6*o + 990 = j*o. List the prime factors of o.
2, 3, 5, 11
Suppose 7508 = 4*w + 2*p, -7*p = -w - 4*p + 1870. List the prime factors of w.
2, 7, 67
Let i(y) = -y**3 + 11*y**2 - 12*y + 21. Let f be i(10). Let j be (-1 + 1 - f)*9/(-3). List the prime factors of -38*(-3 - 0)/j.
2, 19
Let x(g) = g**3 - 15*g**2 - 3*g + 28. Let n be 4/6*8*3. What are the prime factors of x(n)?
2, 59
Suppose 1229*s = 1238*s + 1179. Suppose 2*d + a = -54 - 22, -5*a - 60 = 2*d. Let u = d - s. List the prime factors of u.
7, 13
Let r(s) = 6*s**2 + 7*s + 3. Suppose 0*g - 4*g = -2*c + 8, -4*c - 28 = 3*g. Let l be r(g). Let f = 91 - l. What are the prime factors of f?
2, 5
Suppose 3*a + 3*v = -30, 2*a - v + 14 = 3*v. Let x(j) = -16*j - 33. List the prime factors of x(a).
3, 37
Suppose -2*d + 4537 + 2487 - 104 = 0. List the prime factors of d.
2, 5, 173
Suppose -3*p = 4*l - 7410 - 939, 3*l = 0. What are the prime factors of p?
11, 23
Let k(i) = -i**2 + 8*i + 6. Let q be k(8). Suppose -q = -6*x - 6. What are the prime factors of (-4)/(-8)*x - -3 - -59?
2, 31
Let f(q) = -4*q - 9. Suppose -5*u - 33 - 2 = 0. Let z be f(u). Suppose -z*n - 92 = -20*n. What are the prime factors of n?
2, 23
Suppose 21*b = 51417 - 2625 + 80337. List the prime factors of b.
11, 13, 43
Let l be (-716)/(-3)*36/8. Let p = l + -469. List the prime factors of p.
5, 11
Suppose 16*d - 159766 = -21*d. What are the prime factors of d?
2, 17, 127
Let t(z) = 4*z**2 + 5*z + 26. Let m(y) = -5*y**2 - 6*y - 26. Let c(s) = -5*m(s) - 6*t(s). Let g be c(6). Suppose -v + g = -40. List the prime factors of v.
2, 5
Let g(y) = y**3 - 2*y**2 + y + 6. Suppose -11*i = -146 + 124. List the prime factors of g(i).
2
Let y be 3 + (0 - -2) + -5. Suppose -m = -3*p - 2*m + 1314, m = y. List the prime factors of p.
2, 3, 73
Let x = 9 + -12. List the prime factors of -39*(x - (-40)/(-15)).
13, 17
Suppose 0 = 5*n - 5*v - 6965, -3*n + 2*v + 3782 = -393. Let z = n - 954. What are the prime factors of z?
3, 5, 29
Let t be -3 + (4 - -1) + (-436)/(-2). Suppose -2*h - 273 - t = -3*l, 2*l - 4*h = 342. Suppose -2*a + 5*d = -155, -a = a - 3*d - l. List the prime factors of a.
5, 17
Suppose -2972920 = -106*l - 225*l + 110676. What are the prime factors of l?
2, 17, 137
Let l be ((-3 - -5) + -1)*4. Suppose 9*w = l*w - 1025. List the prime factors of 0 + 4*w/(-10).
2, 41
Let v be 743 + 6/(-9) + (-5)/15. Let y = -360 + v. What are the prime factors of y?
2, 191
Let c = -197 + 140. What are the prime factors of 6346/c*(-2 - 1)?
2, 167
List the prime factors of (187 - 188)/((-2)/476).
2, 7, 17
Suppose -3*f + i = -119491, -5*i + 187198 = 3*f + 67659. What are the prime factors of f?
61, 653
Suppose 16*l + 2*